{"id":1357,"date":"2023-03-30T19:43:03","date_gmt":"2023-03-30T19:43:03","guid":{"rendered":"https:\/\/pongalevida.ucr.ac.cr\/?page_id=1357"},"modified":"2024-03-05T15:48:43","modified_gmt":"2024-03-05T15:48:43","slug":"elementor-1357","status":"publish","type":"page","link":"https:\/\/pongalevida.ucr.ac.cr\/index.php\/elementor-1357\/","title":{"rendered":"Familia"},"content":{"rendered":"\t\t<div data-elementor-type=\"wp-page\" data-elementor-id=\"1357\" class=\"elementor elementor-1357\" data-elementor-settings=\"{&quot;ha_cmc_init_switcher&quot;:&quot;no&quot;}\">\n\t\t\t\t\t\t<section class=\"elementor-section elementor-top-section elementor-element elementor-element-1eaea88 elementor-section-boxed elementor-section-height-default elementor-section-height-default\" data-id=\"1eaea88\" data-element_type=\"section\" data-e-type=\"section\" data-settings=\"{&quot;_ha_eqh_enable&quot;:false}\">\n\t\t\t\t\t\t<div class=\"elementor-container elementor-column-gap-default\">\n\t\t\t\t\t<div class=\"elementor-column elementor-col-50 elementor-top-column elementor-element elementor-element-74127f8\" data-id=\"74127f8\" data-element_type=\"column\" data-e-type=\"column\">\n\t\t\t<div class=\"elementor-widget-wrap elementor-element-populated\">\n\t\t\t\t\t\t<div class=\"elementor-element elementor-element-1604b8d elementor-widget elementor-widget-spacer\" data-id=\"1604b8d\" data-element_type=\"widget\" data-e-type=\"widget\" data-widget_type=\"spacer.default\">\n\t\t\t\t<div class=\"elementor-widget-container\">\n\t\t\t\t\t\t\t<div class=\"elementor-spacer\">\n\t\t\t<div class=\"elementor-spacer-inner\"><\/div>\n\t\t<\/div>\n\t\t\t\t\t\t<\/div>\n\t\t\t\t<\/div>\n\t\t\t\t<div class=\"elementor-element elementor-element-80beb4a elementor-widget elementor-widget-text-editor\" data-id=\"80beb4a\" data-element_type=\"widget\" data-e-type=\"widget\" data-widget_type=\"text-editor.default\">\n\t\t\t\t<div class=\"elementor-widget-container\">\n\t\t\t\t\t\t\t\t\t<p>Para facilitar el proceso de promoci\u00f3n de la alimentaci\u00f3n saludable y la actividad f\u00edsica en las personas menores de edad que se encuentran en la educaci\u00f3n formal, <a href=\"https:\/\/pongalevida.ucr.ac.cr\/index.php\/quienes-somos\/\" target=\"_blank\" rel=\"noopener\">P\u00f3ngale Vida\u24c7<\/a> ha dise\u00f1ado un actividad familiar denominada Casas Saludables, dado que las familias son la base para la formaci\u00f3n de h\u00e1bitos saludables en los ni\u00f1os y las ni\u00f1as.<\/p><p>En las Casas Saludables se busca la participaci\u00f3n de las familias con el objetivo de recuperar los vecindarios como espacios de crecimiento mutuo, espec\u00edficamente en los ejes de alimentaci\u00f3n saludable, actividad f\u00edsica y encuentro intergeneracional. La actividad propuesta por <a href=\"https:\/\/pongalevida.ucr.ac.cr\/index.php\/quienes-somos\/\" target=\"_blank\" rel=\"noopener\">P\u00f3ngale Vida\u24c7<\/a> consiste en el desarrollo de una receta saludable, accesible, tradicional y nutritiva, donde los participantes traen parte de los ingredientes, se realiza adem\u00e1s un receso activo con las personas participante \u2013 usualmente las mujeres con los ni\u00f1os y ni\u00f1as de sus familias extendidas y se procede finalmente a una degustaci\u00f3n.<\/p><p>Este proceso se repite con una frecuencia estipulada por las personas participantes y puede llevarse a cabo en diferentes casas del vecindario.<\/p>\t\t\t\t\t\t\t\t<\/div>\n\t\t\t\t<\/div>\n\t\t\t\t\t<\/div>\n\t\t<\/div>\n\t\t\t\t<div class=\"elementor-column elementor-col-50 elementor-top-column elementor-element elementor-element-a2d391c\" data-id=\"a2d391c\" data-element_type=\"column\" data-e-type=\"column\">\n\t\t\t<div class=\"elementor-widget-wrap elementor-element-populated\">\n\t\t\t\t\t\t<div class=\"elementor-element elementor-element-8be95fa elementor-widget elementor-widget-image\" data-id=\"8be95fa\" data-element_type=\"widget\" data-e-type=\"widget\" data-widget_type=\"image.default\">\n\t\t\t\t<div class=\"elementor-widget-container\">\n\t\t\t\t\t\t\t\t\t\t\t\t\t\t\t<img decoding=\"async\" src=\"https:\/\/pongalevida.ucr.ac.cr\/wp-content\/uploads\/elementor\/thumbs\/Foto-casa-saludable-Ivannia-scaled-q8oitibhik3yoqwmzvfg9qweew0vtzcg7csc680w2g.jpeg\" title=\"Foto casa saludable Ivannia\" alt=\"Foto casa saludable Ivannia\" loading=\"lazy\" \/>\t\t\t\t\t\t\t\t\t\t\t\t\t\t\t<\/div>\n\t\t\t\t<\/div>\n\t\t\t\t\t<\/div>\n\t\t<\/div>\n\t\t\t\t\t<\/div>\n\t\t<\/section>\n\t\t\t\t<section class=\"elementor-section elementor-top-section elementor-element elementor-element-08d3aab elementor-section-boxed elementor-section-height-default elementor-section-height-default\" data-id=\"08d3aab\" data-element_type=\"section\" data-e-type=\"section\" data-settings=\"{&quot;_ha_eqh_enable&quot;:false}\">\n\t\t\t\t\t\t<div class=\"elementor-container elementor-column-gap-default\">\n\t\t\t\t\t<div class=\"elementor-column elementor-col-100 elementor-top-column elementor-element elementor-element-aa9864a\" data-id=\"aa9864a\" data-element_type=\"column\" data-e-type=\"column\">\n\t\t\t<div class=\"elementor-widget-wrap elementor-element-populated\">\n\t\t\t\t\t\t<div class=\"elementor-element elementor-element-0c13373 elementor-widget elementor-widget-video\" data-id=\"0c13373\" data-element_type=\"widget\" data-e-type=\"widget\" data-settings=\"{&quot;youtube_url&quot;:&quot;https:\\\/\\\/youtu.be\\\/6O7kZqrYc9E?si=Gktb1R6otZMlEy7W&quot;,&quot;video_type&quot;:&quot;youtube&quot;,&quot;controls&quot;:&quot;yes&quot;}\" data-widget_type=\"video.default\">\n\t\t\t\t<div class=\"elementor-widget-container\">\n\t\t\t\t\t\t\t<div class=\"elementor-wrapper elementor-open-inline\">\n\t\t\t<div class=\"elementor-video\"><\/div>\t\t<\/div>\n\t\t\t\t\t\t<\/div>\n\t\t\t\t<\/div>\n\t\t\t\t\t<\/div>\n\t\t<\/div>\n\t\t\t\t\t<\/div>\n\t\t<\/section>\n\t\t\t\t<section class=\"elementor-section elementor-top-section elementor-element elementor-element-c4e0bee elementor-section-boxed elementor-section-height-default elementor-section-height-default\" data-id=\"c4e0bee\" data-element_type=\"section\" data-e-type=\"section\" data-settings=\"{&quot;_ha_eqh_enable&quot;:false}\">\n\t\t\t\t\t\t<div class=\"elementor-container elementor-column-gap-default\">\n\t\t\t\t\t<div class=\"elementor-column elementor-col-100 elementor-top-column elementor-element elementor-element-92be950\" data-id=\"92be950\" data-element_type=\"column\" data-e-type=\"column\">\n\t\t\t<div class=\"elementor-widget-wrap elementor-element-populated\">\n\t\t\t\t\t\t<div class=\"elementor-element elementor-element-6a1b55d elementor-widget elementor-widget-image\" data-id=\"6a1b55d\" data-element_type=\"widget\" data-e-type=\"widget\" data-widget_type=\"image.default\">\n\t\t\t\t<div class=\"elementor-widget-container\">\n\t\t\t\t\t\t\t\t\t\t\t\t\t\t\t<img fetchpriority=\"high\" decoding=\"async\" width=\"1604\" height=\"523\" src=\"https:\/\/pongalevida.ucr.ac.cr\/wp-content\/uploads\/2023\/05\/Mesa-de-trabajo-9.png\" class=\"attachment-full size-full wp-image-2005\" alt=\"\" srcset=\"https:\/\/pongalevida.ucr.ac.cr\/wp-content\/uploads\/2023\/05\/Mesa-de-trabajo-9.png 1604w, https:\/\/pongalevida.ucr.ac.cr\/wp-content\/uploads\/2023\/05\/Mesa-de-trabajo-9-300x98.png 300w, https:\/\/pongalevida.ucr.ac.cr\/wp-content\/uploads\/2023\/05\/Mesa-de-trabajo-9-1024x334.png 1024w, https:\/\/pongalevida.ucr.ac.cr\/wp-content\/uploads\/2023\/05\/Mesa-de-trabajo-9-768x250.png 768w, https:\/\/pongalevida.ucr.ac.cr\/wp-content\/uploads\/2023\/05\/Mesa-de-trabajo-9-1536x501.png 1536w\" sizes=\"(max-width: 1604px) 100vw, 1604px\" \/>\t\t\t\t\t\t\t\t\t\t\t\t\t\t\t<\/div>\n\t\t\t\t<\/div>\n\t\t\t\t\t<\/div>\n\t\t<\/div>\n\t\t\t\t\t<\/div>\n\t\t<\/section>\n\t\t\t\t<\/div>\n\t\t","protected":false},"excerpt":{"rendered":"<p>Para facilitar el proceso de promoci\u00f3n de la alimentaci\u00f3n saludable y la actividad f\u00edsica en las personas menores de edad que se encuentran en la&hellip;<\/p>\n","protected":false},"author":2,"featured_media":0,"parent":0,"menu_order":0,"comment_status":"closed","ping_status":"closed","template":"","meta":{"_regular_price":[],"currency_symbol":[],"footnotes":""},"class_list":["post-1357","page","type-page","status-publish","hentry"],"post_slider_layout_featured_media_urls":{"thumbnail":"","post_slider_layout_landscape_large":"","post_slider_layout_portrait_large":"","post_slider_layout_square_large":"","post_slider_layout_landscape":"","post_slider_layout_portrait":"","post_slider_layout_square":"","full":""},"_links":{"self":[{"href":"https:\/\/pongalevida.ucr.ac.cr\/index.php\/wp-json\/wp\/v2\/pages\/1357","targetHints":{"allow":["GET"]}}],"collection":[{"href":"https:\/\/pongalevida.ucr.ac.cr\/index.php\/wp-json\/wp\/v2\/pages"}],"about":[{"href":"https:\/\/pongalevida.ucr.ac.cr\/index.php\/wp-json\/wp\/v2\/types\/page"}],"author":[{"embeddable":true,"href":"https:\/\/pongalevida.ucr.ac.cr\/index.php\/wp-json\/wp\/v2\/users\/2"}],"replies":[{"embeddable":true,"href":"https:\/\/pongalevida.ucr.ac.cr\/index.php\/wp-json\/wp\/v2\/comments?post=1357"}],"version-history":[{"count":38,"href":"https:\/\/pongalevida.ucr.ac.cr\/index.php\/wp-json\/wp\/v2\/pages\/1357\/revisions"}],"predecessor-version":[{"id":3790,"href":"https:\/\/pongalevida.ucr.ac.cr\/index.php\/wp-json\/wp\/v2\/pages\/1357\/revisions\/3790"}],"wp:attachment":[{"href":"https:\/\/pongalevida.ucr.ac.cr\/index.php\/wp-json\/wp\/v2\/media?parent=1357"}],"curies":[{"name":"wp","href":"https:\/\/api.w.org\/{rel}","templated":true}]}}